ors of o?
2, 5
Let m = 42 + -98. Let v be (m/(-196))/((-2)/14). What are the prime factors of (-6)/v + -7 + 79?
3, 5
Let i = -2111 + 4968. What are the prime factors of i?
2857
Let q = 7861 + -5494. What are the prime factors of q?
3, 263
Let n(l) = 4*l + 4. Let t(f) = f**3 - 3*f**2 - 4*f + 6. Let q be t(4). Let b be n(q). Suppose -b = -8*i + 6*i. What are the prime factors of i?
2, 7
Suppose 24122 = 15*b - 6433. List the prime factors of b.
3, 7, 97
Let z be 8/(-1*1/(-2)). Suppose 2*v - q - z = 0, -2*v + q - 6*q = 8. Let w(n) = -n**3 + 5*n**2 + 7*n + 4. List the prime factors of w(v).
2, 5
Let n(a) = a - 7. Let t = -13 + 23. Suppose -5*w - d + 55 = 0, 3*w + t - 36 = -2*d. What are the prime factors of n(w)?
5
Suppose 12855 = 5*n - 6*a + 2*a, -3*n + 5*a + 7726 = 0. List the prime factors of n.
17, 151
Suppose 78*f - 21*f - 2964 = 0. What are the prime factors of f?
2, 13
Let x(g) = 20*g + 2. Let c(v) = -v. Let j(n) = -c(n) + x(n). What are the prime factors of j(4)?
2, 43
Let m = 25 + -36. What are the prime factors of (202/(-4))/((22/4)/m)?
101
Let b(t) = 334*t**3 + 4*t**2 + 3. List the prime factors of b(2).
3, 13, 23
Let h = -6 - -3. Let b be h + (71 + 3)/2. Suppose -n + b = d, 4*d + 0*n - 130 = -2*n. List the prime factors of d.
31
Let t be (-6)/9 - 1900/(-15). Suppose -3*f - t = -5*f. What are the prime factors of f?
3, 7
Suppose 3*a = 2*i - 0*a - 8, 0 = -4*i + 3*a + 16. What are the prime factors of i*(225/4)/5?
3, 5
Let h = 10 - 2. What are the prime factors of (-16)/6*((-212)/h + 1)?
2, 17
Let o be (-54 + 0 + -1)*11. List the prime factors of (-1)/(5/o) - 0.
11
Let k(r) = 139*r**2 + 13*r - 6. What are the prime factors of k(5)?
2, 3, 19, 31
Let l = -133 + 136. Suppose 5*k = l*b + 230, 4*k - b = -0*k + 184. What are the prime factors of k?
2, 23
What are the prime factors of 2646 - 5 - ((-6)/(-6) - 2)?
2, 1321
Let z = -850 - -1362. What are the prime factors of z?
2
Let l(m) = 50*m + 15. Let s be l(7). Let f = s - 629. Let d = -184 - f. List the prime factors of d.
2, 5
Let q = -360 - -852. List the prime factors of q.
2, 3, 41
Let j(t) = 5 - 2*t + 8*t + 3*t**2 + 2. What are the prime factors of j(-5)?
2, 13
Let n be (-53)/(-3) - (-2)/6. Let q = 30 - n. Suppose 4*o - 3*m - 21 = 0, q - 2 = 2*o - 2*m. What are the prime factors of o?
2, 3
What are the prime factors of 613/(((-1)/25)/((-11)/55))?
5, 613
Let q = 449 - 222. What are the prime factors of q?
227
Let s be (24/(-10))/((-6)/260). Let g = s + -37. What are the prime factors of g?
67
Suppose 5*w = -5*c + 2145, -c = -2*w + 1113 - 270. List the prime factors of w.
2, 53
Suppose 3*v = -2*d + 3075, -14*v + 2*d + 1017 = -13*v. List the prime factors of v.
3, 11, 31
Let s = 6112 - 2486. What are the prime factors of s?
2, 7, 37
Let p be (6/4)/(-3)*-6. Suppose -p*j + 0*j = -6. Suppose -j*f = -4*f + 44. What are the prime factors of f?
2, 11
Suppose 5*o - 11 = 4*n + 15, 3*n + 3*o + 6 = 0. Let i be (-1)/((-2)/n + -1). Suppose -2*g = b - 93, g - i*b - 64 = -5. What are the prime factors of g?
7
Suppose -v = 2*a - 4102, 4*a - 21*v = -22*v + 8206. What are the prime factors of a?
2, 3, 19
Let f = 4549 - 2829. What are the prime factors of f?
2, 5, 43
What are the prime factors of (32/(-10))/(-1 - 3897/(-3915))?
2, 3, 29
Suppose -375*p = -377*p + 2734. What are the prime factors of p?
1367
Suppose 4*l - 4*a = -2*a + 6, -l + a = 1. Suppose -3*r - 2*z = -5*z - 306, 0 = l*r + 3*z - 401. Suppose r = 4*w + 5. What are the prime factors of w?
2, 3
Let y(m) = -m + 6. Let d be y(9). Let c be ((-2)/8)/(d/36). Suppose 2*q - c*x - 93 = 0, -3*x + x = 5*q - 280. What are the prime factors of q?
2, 3
Let n = 687 - -73. List the prime factors of n.
2, 5, 19
Let n(r) = -214*r + 54. List the prime factors of n(-6).
2, 3, 223
Let t(g) = -2*g - 32. Let f be t(13). Let a = f + 164. What are the prime factors of a?
2, 53
Suppose -2*m + 4325 = 2*g - 585, 2*g + 7380 = 3*m. List the prime factors of m.
2, 1229
Suppose 2*j = -5*p - j - 348, -5*p - 356 = j. Let k = -43 - p. List the prime factors of k.
29
Suppose t = 6*t - 50. Suppose -5*w + t*w + 2025 = 0. List the prime factors of (1/(-3))/(9/w).
3, 5
Let t be 1/1*3*-20. Let x = t + 141. List the prime factors of x.
3
Let v be (-28)/(-6) - 4/6. Suppose -v + 13 = 3*x. Suppose x*b - 72 = -b. What are the prime factors of b?
2, 3
Let t be (3/4 - (-1434)/8) + 0. Let x = 265 - t. List the prime factors of x.
5, 17
Let l(f) = -7*f**3 + 2*f**2 + 8*f - 10. Let u be l(-6). Suppose 19*q = u - 253. What are the prime factors of q?
67
Suppose -13*n - 15880 = -21*n. List the prime factors of n.
5, 397
Suppose 9*s = -28*s + 999. List the prime factors of s.
3
What are the prime factors of 146/((-9)/(2583/(-875)) - 3)?
41, 73
Suppose l + 4*l - 10 = 0. Suppose 3*o = -l*o + 335. List the prime factors of o.
67
What are the prime factors of (-30)/7*-66 - 2/(-14)?
283
Let d = -55 + 380. Let i = d - 185. What are the prime factors of i?
2, 5, 7
Let y(s) = -31*s - 450. What are the prime factors of y(-31)?
7, 73
Let i = 6 + -4. Suppose i*d + 4*d - 288 = 0. List the prime factors of d.
2, 3
List the prime factors of 6*5*283/30.
283
Suppose -3*y + 45 + 133 = -k, y - k - 56 = 0. Let f = y + -1. List the prime factors of f.
2, 3, 5
Suppose -3*o = -5*w - 30, -2*w - 40 = -4*o - w. Let g = -7 + o. Let i(s) = 3*s + 4. List the prime factors of i(g).
13
Let u = -49 - -52. Suppose -u*a + 312 = -480. List the prime factors of a.
2, 3, 11
Let b(g) = -2*g**2 + 93*g + 36. What are the prime factors of b(31)?
997
Suppose 32*h + 45930 = 62*h. List the prime factors of h.
1531
Let l(j) = 25*j + 58. List the prime factors of l(9).
283
Suppose m = v - 755 - 725, v + m = 1482. List the prime factors of v.
1481
Suppose -4*p - 1010 = -2*j, 2*p + j = 5*p + 756. Let c = -150 - p. Suppose 3*h - 85 = c. List the prime factors of h.
2, 31
List the prime factors of ((1 - 2) + -416)*(-9 - -7).
2, 3, 139
Let l(s) = s**3 - 4*s**2 + 3*s - 6. Let r = 49 - 28. Let g = r + -17. What are the prime factors of l(g)?
2, 3
Let c = 9 - 6. List the prime factors of (3 + (1 - c))*12.
2, 3
Suppose 0 = -i - 3*a + 920, 3*i - 30*a + 27*a = 2820. What are the prime factors of i?
5, 11, 17
Let a be (-11)/(-44)*4*1. Let s be 3/((-3)/37) + a. List the prime factors of (7/(-21))/(2/s).
2, 3
Let f be (-1)/((-5)/2 - -3). What are the prime factors of (2*(-173)/f)/(-13 - -14)?
173
Suppose 19*d = 20*d + k - 569, 1728 = 3*d - 4*k. What are the prime factors of d?
2, 11, 13
Let j(p) = -2*p**3 - 11*p**2 + 4*p + 25. Let w be j(-8). Suppose 0 = 2*a - 5*u - w, -5*a + 0*u - u = -742. What are the prime factors of a?
149
Let a(r) = -r**2 + 63*r - 232. What are the prime factors of a(42)?
2, 5, 13
Let z(q) = -q**2 - 7*q - 7. Let a be z(-5). Suppose a*u - 3*g = 30, -4*u - g = 4*g - 40. Suppose u - 34 = -3*p. What are the prime factors of p?
2
Let w(d) = -5*d**3 + 12*d**2 + 73*d + 9. List the prime factors of w(-6).
3, 19
Let h(y) = -y**3 + 2*y**2 + 4*y + 1. Let r be h(3). Let b be (-200)/(-6)*6/r. Suppose 40 = 3*s + g, -3*g - b = -5*s + 26. List the prime factors of s.
2, 7
Let u = -5652 - -8150. What are the prime factors of u?
2, 1249
Suppose 2*b = -0*b + 3*n + 8, 0 = 4*b + 3*n - 16. Suppose -2*t + 7*t = -825. What are the prime factors of (t/(-5))/(3/b)?
2, 11
Let b(q) = 14*q - 3. Suppose 0 = -o - 3. Let r be b(o). What are the prime factors of (-1026)/r - 2/(-10)?
23
Let v(b) = 2340*b**2. What are the prime factors of v(1)?
2, 3, 5, 13
Suppose 0 = -0*u + u - r - 21, u + 3*r - 29 = 0. Let w = u + 35. List the prime factors of w.
2, 29
Let n(f) = f. Let u be n(3). Let i be 2 - (-204)/(u + 0). What are the prime factors of (i/(-4))/(2/(-4))?
5, 7
Let n = -1 + 2. Let c(t) = -3*t**2 + 3*t - 64*t**3 + 1 + 5*t**2 + n. List the prime factors of c(-1).
5, 13
Let l(y) = -y**3 + 4*y**2 + y + 3. Let n be l(4). Suppose -h = 3*d + 3*h - n, -9 = -d + 2*h. Suppose 0 = -4*j + d*j - 21. List the prime factors of j.
3, 7
Let w be 309/(-12) + 12/16. Let s = 25 + w. Suppose s = v - 22 - 10. What are the prime factors of v?
2
What are the prime factors of (0 - 0 - 0/(-4)) + 2?
2
Let c(h) = 9*h - 11. Let n(s) be the third derivative of s**4/4 - 7*s**3/6 - 10*s**2. Let g(r) = -5*c(r) + 7*n(r). List the prime factors of g(-16).
2, 3
Suppose -13*o - 8 = 31. What are the